 (1032/20 - 3). Suppose 4*m + c = -z + 179, 0 = 5*m + 4*z - 168. Let x = 254 - 130. What is the remainder when x is divided by m?
28
Suppose 15*o = -7*o + 330. Let v(i) = -i**2 + 19*i + 15. What is the remainder when v(o) is divided by 19?
18
Let d = 120 + -79. Suppose 6*k = 933 + 363. Calculate the remainder when 1*k/4*3 is divided by d.
39
Let p = -23247 - -24333. Calculate the remainder when 2179 is divided by p.
7
Let f(i) = i**2 + 9*i + 20. Let k be f(-7). Suppose k*y = 188 - 50. Calculate the remainder when 158 is divided by y.
20
Let f = -4 - -18. Let h = 42 - 39. Suppose -h*v + 116 + 46 = 0. Calculate the remainder when v is divided by f.
12
What is the remainder when 14316/96 + (-2)/16 is divided by 141?
8
Let d = 11 + 52. Calculate the remainder when 1256 is divided by d.
59
Let y = -37 - -42. Let w = -66 + 120. Calculate the remainder when w is divided by y.
4
Let c = -25468 - -27150. What is the remainder when c is divided by 171?
143
Suppose -3*p - 11*s = 2*p - 2349, 2*p - 943 = -s. Calculate the remainder when p is divided by 16.
8
Suppose 30 = 41*m - 51*m. Calculate the remainder when 8/m - 2/6 - -56 is divided by 11.
9
Let s = -24201 + 24336. Calculate the remainder when 143 is divided by s.
8
Let g(w) = -2*w**2 - 12*w + 33. Let j be g(-9). Let u = j + 113. Suppose -o - 78 = -5*o - b, 3*b = -o + 25. What is the remainder when u is divided by o?
16
Suppose o + 315 = -r - 110, -3*o = 3. Let q = r - -494. What is the remainder when q is divided by 9?
7
Suppose -2*k - 192 = -5*i + 2*k, k = 4*i - 158. Suppose -46*h = -i*h - 1476. Calculate the remainder when h is divided by 63.
57
Suppose 0*y = y. Suppose -8*m + 7*m + 3 = y. Calculate the remainder when 5 - (-3 - 3) - 2 is divided by m.
0
Calculate the remainder when 538 is divided by (86/(-16))/(-9*(-8)/(-576)).
22
Let u = 189 + -95. Let j = -54 + u. Calculate the remainder when -1*(2/2 + -157) is divided by j.
36
Let k = -5408 - -5412. What is the remainder when 210 is divided by k?
2
Suppose -4*r = -5*r - 2*r. Let d be (9/6)/((-12)/(-112) + r). Calculate the remainder when 33 is divided by 164/d - ((-57)/(-21) + -3).
9
Suppose -d - 2*r + 124 - 120 = 0, 2*d + 3*r = 7. What is the remainder when 647 is divided by d?
1
Let i = 81 + -81. Suppose 5*s = -4*k + 449, -s + i*s = -3*k + 351. What is the remainder when k is divided by 8?
4
Let n = -3071 - -3163. Calculate the remainder when 220 is divided by n.
36
Suppose 2941 = 4*y + 821*g - 822*g, 0 = -y - g + 729. What is the remainder when y is divided by 92?
90
Suppose -2*s + s + 7 = 0. Let k = -228 + 231. What is the remainder when k*(-3*(1 + 0) + 13) is divided by s?
2
Let j(p) = -123*p**2 + 1. Let g be j(-1). Let t be (-4 + 3)/((-1)/4) + -114. Let v = t - g. What is the remainder when v is divided by 7?
5
What is the remainder when 219 is divided by (-1085)/119 - -9 - ((-3835)/17)/5?
39
Suppose 4*q - 1390 - 526 = 0. Let w = 706 - q. Calculate the remainder when w is divided by 10.
7
Let j be (3 + 5/(-2))*0. Suppose j*k - 72 = -3*k. Calculate the remainder when 166 is divided by k.
22
Suppose 0 = -y - 14*q + 17747, 2*q + q + 17832 = y. Calculate the remainder when y is divided by 135.
132
Let g = 3363 + -3344. What is the remainder when 237 is divided by g?
9
Suppose 47*c - 593 = -393 + 458. Calculate the remainder when 2*-5*9*-2 is divided by c.
12
Let z(t) = 34*t**2 - 3*t - 2. Let u be z(-1). Let i = -11 - u. What is the remainder when ((-36)/8 + 3)*i is divided by 18?
15
Suppose -u + 2*g - 9 = -g, 2*g + 60 = -3*u. Let l = u - -30. Let r = 334 + -275. What is the remainder when r is divided by l?
11
Suppose 1 - 2 = i, -22 = -k + 5*i. Let j = -73 + 73. Suppose -8*y + 10*y = 5*l - 220, -2*y = j. Calculate the remainder when l is divided by k.
10
Let t(f) = 92*f**2 + 15 - 91*f**2 - 11*f + 6. What is the remainder when t(11) is divided by 5?
1
Let n = -69828 - -69909. What is the remainder when n is divided by 3/6 + (-45)/(-2)?
12
Let f be 38/171 - 16/(-9). Let c = 28 + f. What is the remainder when 328 is divided by c?
28
Suppose 27 = 3*j + 21. Suppose 4*r = -4*q + 5*q + 69, -j*q = r - 15. Let s(d) = 7*d**2 - d. What is the remainder when r is divided by s(1)?
5
Let v be (-10)/6 + 6/27*3. Let x(f) = 129*f**2 + 3*f + 4. What is the remainder when x(v) is divided by 33?
31
Suppose -50*r = -52*r + 4. Calculate the remainder when r/(-4) - 933/(-6) is divided by 13.
12
Let b(p) = -6*p - 32. Let m = -197 - -180. What is the remainder when 276 is divided by b(m)?
66
Suppose 33*r - 81 = 24*r. Suppose -29*s = -r*s - 320. Calculate the remainder when s is divided by 2.
0
Let g be (264/(-20))/((-3)/10). Suppose -5*y + 2*y + 3*a = -39, -2*a + g = 5*y. Suppose -l + 0 = -y. Calculate the remainder when l is divided by 4.
2
Let t = -83 + 90. Suppose -333 = -t*g + 332. What is the remainder when 178 is divided by g?
83
Suppose 28*r + 623 = 1179 + 1236. Calculate the remainder when r is divided by 18.
10
Suppose 5*g - g + 60 = 2*p, 0 = p + 4. Let j(u) = -u**3 - 16*u**2 + 17*u + 1. Let q be j(g). What is the remainder when 37 is divided by ((-20)/16)/(q/(-8))?
7
Calculate the remainder when 328 is divided by (248/(-744))/(1/(-72)).
16
Let z = -564 - -580. Suppose -z*l = -1042 - 382. Calculate the remainder when l is divided by 45.
44
Suppose -28*n + 2*n - 6178 = -22818. What is the remainder when n is divided by 106?
4
Suppose k + x - 54 + 154 = 0, -473 = 5*k - 4*x. What is the remainder when (-3 + 8 - 6)*k is divided by 11?
9
Let p = 58 - 7. Let k = p - 16. Let o = -253392 - -253411. Calculate the remainder when k is divided by o.
16
Suppose 0 = -1397*m + 1404*m - 97888. What is the remainder when m is divided by 126?
124
Suppose 380978 = 127*y - 258975. What is the remainder when y is divided by 36?
35
Let l(v) = -9*v**2 + 16*v**2 + 1 + 18*v**2 - v. What is the remainder when -18 + (-43)/((-1032)/2136) is divided by l(1)?
21
Suppose -31*z = -4*s - 28*z + 101, -3*s + 5*z = -73. What is the remainder when 2856 is divided by s?
22
Let r = -25 + 37. Suppose 0 = -32*l + 33*l - 5. Suppose -a = -5*v + 11 - 50, -l*v + 29 = a. Calculate the remainder when a is divided by r.
10
Let x = 46821 + -46791. What is the remainder when 5740 is divided by x?
10
Let q = -5621 + 5697. What is the remainder when 1518 is divided by q?
74
Let p = -254 + 262. Suppose -2436 - p = -47*a. Suppose -2*c = 5*z - 127, 3*c + 2*c = -z + 7. What is the remainder when a is divided by z?
25
Let a = -6718 + 6859. Calculate the remainder when 970 is divided by a.
124
Suppose 148*o - 222 - 814 = 0. What is the remainder when 38 is divided by o?
3
Suppose 134*o = -160*o + 622104. What is the remainder when 8464 is divided by o?
0
Suppose 109*b + 5640 = 55*b + 64*b. What is the remainder when b is divided by 39?
18
Let s = -54 + 67. Suppose 0 = -2*v - 75 - 101. Let o = v + 139. Calculate the remainder when o is divided by s.
12
Suppose -296 = -4*l + 4*i, -l = -313*i + 311*i - 69. What is the remainder when l is divided by 17?
11
What is the remainder when 21 is divided by 3*20/165*55?
1
Suppose 3*v + 1197 = 18*v + 4*v. What is the remainder when 497 is divided by v?
56
Let z = -5 - -9. Let y = 262 - 241. What is the remainder when y is divided by 1*(13 - z/2)?
10
Let a be (-46)/207 + 3820/18. Suppose -3*g - 2*f + a = 0, -5*g - 4*f - 168 = -7*g. What is the remainder when g is divided by 23?
5
Let q(g) be the second derivative of 4/3*g**3 + 5*g - 5/2*g**2 + 0. Calculate the remainder when q(10) is divided by 39.
36
Suppose 8*z + 0 = 176. Suppose -544 = z*c - 2216. What is the remainder when 910 is divided by c?
74
What is the remainder when 6554 is divided by (-21 - -13)/(2/(-3)*(-3)/(-8))?
26
Let u(p) = -p**3 + 6*p**2 + 42*p - 2. Let o(y) = 45*y + 1. Let w be o(1). Let a = 56 - w. What is the remainder when 27 is divided by u(a)?
9
Suppose 0 = 4*z + 5*g - 90, 0*g = 4*g + 8. Suppose c = -4*c + 20, -z = -p - 4*c. What is the remainder when 78 is divided by p?
6
Let o(w) = 37*w + 10. Let i be o(8). Let t = 322 - i. What is the remainder when t is divided by 1?
0
Suppose 542 = 5*v + l, 0 = 3*v - 0*l + l - 324. Let m(j) = -7*j + 67. Calculate the remainder when v is divided by m(5).
13
Let p be ((-8)/2)/(-2 + 2 + 2). What is the remainder when 111 is divided by (-32)/(-2)*(1 - (p - -2))?
15
